(base 12) to base 8
55035
1010122011002 (base 3) to base 10
602993
Convert 110100010100010010 (base 2) to base 3.
101212221200
51ac1c (base 16) to base 7
63331613
What is -141913 (base 12) in base 6?
-11102023
-213301230 (base 4) to base 15
-33419
What is -452527 (base 8) in base 9?
-252680
What is -2e61b (base 15) in base 4?
-210211310
What is -110002201022 (base 3) in base 7?
-2011250
Convert -912a8 (base 14) to base 4.
-1111031210
What is 293125a (base 11) in base 4?
103032000332
What is -1224133 (base 7) in base 9?
-260051
What is -412354115 (base 6) in base 12?
-247593b
Convert -26676 (base 15) to base 6.
-2345133
Convert 284826 (base 11) to base 6.
13314422
-1c700a (base 15) to base 2
-101010011011110101110
141251022 (base 7) to base 14
1321012
4886355 (base 11) to base 6
502104421
Convert -1004033430 (base 5) to base 7.
-23103232
1211222102 (base 3) to base 2
1000111001010010
What is -1122211222200 (base 3) in base 12?
-366a76
What is 14511250 (base 7) in base 16?
1512bb
What is -154742 (base 11) in base 15?
-4b3b8
What is -4414505 (base 6) in base 7?
-1604420
Convert 446135 (base 8) to base 4.
210301131
What is 2360636 (base 9) in base 16?
1387aa
What is 2e558 (base 15) in base 5?
14242313
What is -3a963 (base 15) in base 12?
-90793
What is 7dd5ba (base 14) in base 4?
100122003000
6427c (base 13) to base 9
304651
Convert -1a6920 (base 13) to base 14.
-136a9a
What is 1017120 (base 10) in base 12?
410740
What is 103135251 (base 6) in base 14?
359b1d
What is -139a33 (base 13) in base 11?
-2a7543
Convert 263257 (base 13) to base 15.
132d1d
Convert -10113303023 (base 4) to base 9.
-2136078
What is a23852 (base 11) in base 10?
1644810
124333443 (base 5) to base 14
1224dd
Convert 10001000000110011110011 (base 2) to base 8.
21006363
Convert 2211321222 (base 4) to base 15.
d6520
Convert 2203212230 (base 4) to base 15.
d384e
What is -1522206 (base 7) in base 6?
-4235340
231013134 (base 5) to base 14
1cc2b4
2033331310 (base 4) to base 9
1087804
What is 1b36 (base 13) in base 7?
14646
What is -1011213021 (base 4) in base 10?
-285129
Convert 1235878 (base 11) to base 4.
20023300032
What is -271df (base 16) in base 4?
-213013133
-3fe5c (base 16) to base 14
-6b548
What is 2385423 (base 9) in base 8?
4744173
-5b061 (base 15) to base 6
-10120101
727307 (base 15) to base 3
101020102220021
1411112 (base 6) to base 9
130718
What is -1112121120020 (base 3) in base 4?
-3013332012
-2271370 (base 9) to base 5
-303243232
-1827460 (base 9) to base 13
-29a4bc
Convert a0a0c6 (base 16) to base 4.
220022003012
Convert 491a9 (base 13) to base 15.
29c00
What is 2444025 (base 7) in base 3?
120221001220
-23031323 (base 4) to base 15
-d932
Convert 557610 (base 8) to base 12.
90b74
2a9a78 (base 11) to base 9
813787
251352 (base 9) to base 7
1201631
Convert 12d282 (base 16) to base 15.
19575d
10222220120202 (base 3) to base 14
3d40a6
Convert -55a29 (base 13) to base 8.
-457573
What is -a6491 (base 15) in base 3?
-222210122101
What is -1a750 (base 15) in base 5?
-10223100
What is 735434 (base 9) in base 11?
279387
What is -b59bb3 (base 12) in base 4?
-22321301313
Convert 526 (base 14) to base 5.
13024
Convert 353400234 (base 6) to base 11.
3804a63
What is 584025 (base 15) in base 13?
b47934
Convert -78523 (base 9) to base 15.
-106e0
Convert 241225101 (base 6) to base 11.
2624711
Convert 630850 (base 12) to base 2.
101111011111110111100
Convert -a6581 (base 16) to base 11.
-4259a5
What is c54f7 (base 16) in base 4?
3011103313
What is 1517652 (base 12) in base 7?
51146126
What is -2b7c2a (base 16) in base 8?
-12676052
What is 4237f (base 16) in base 10?
271231
Convert -775137 (base 8) to base 4.
-333221133
What is 71325 (base 11) in base 5?
11313313
What is 40980 (base 14) in base 13?
55a48
Convert 1654c1 (base 14) to base 6.
24440545
What is 3626764 (base 9) in base 13?
53b267
Convert -1b77b4 (base 12) to base 11.
-3052a8
What is -103044042 (base 5) in base 4?
-1223203022
Convert -3411412 (base 6) to base 16.
-2a2c0
Convert 12022003 (base 5) to base 3.
12122002121
Convert -dba2a (base 15) to base 6.
-22541204
4eb1d (base 15) to base 9
424021
What is -20251371 (base 8) in base 4?
-100111023321
Convert 3754043 (base 8) to base 7.
11553215
Convert -203231131 (base 4) to base 2.
-100011101101011101
212101110212 (base 3) to base 11
294957
What is 1410114144 (base 5) in base 6?
205041345
What is -102210102203 (base 4) in base 5?
-2221222420
1110011000101100111100 (base 2) to base 5
1431134241
1200001102112 (base 3) to base 10
886775
Convert 13221020213 (base 4) to base 16.
1e9227
-100010101000101000110 (base 2) to base 11
-705754
What is -30044 (base 14) in base 10?
-115308
-48341 (base 11) to base 2
-10000111111110100
-1011100110000000 (base 2) to base 10
-47488
Convert -531004 (base 7) to base 12.
-45001
Convert -15a6 (base 15) to base 11.
-3553
Convert -514758 (base 12) to base 9.
-2350055
Convert -151496 (base 14) to base 9.
-1337231
What is -411074 (base 11) in base 9?
-1215628
12123032223 (base 5) to base 7
232163060
Convert 1115450 (base 7) to base 3.
21001101212
What is -ca34 (base 16) in base 6?
-1035352
-2562182 (base 9) to base 6
-45553202
12a1 (base 11) to base 2
11010010100
What is 60199 (base 10) in base 16?
eb27
What is -1251723 (base 9) in base 6?
-22353033
What is de412 (base 16) in base 13?
25b493
Convert 22141251 (base 7) to base 6.
104531120
Convert 1810161 (base 10) to base 8.
6717361
-1462663 (base 7) to base 2
-110000111001110100
What is 166515 (base 9) in base 8?
311450
2422214 (base 8) to base 11
414458
20436077 (base 9) to base 11
5601685
Convert 74363 (base 8) to base 14.
b3d9
What is 2150552 (base 7) in base 15?
53512
-664677 (base 12) to base 7
-16546261
131764 (base 10) to base 6
2454004
What is 10114044 (base 6) in base 9?
481601
Convert -192620 (base 13) to base 11.
-3a3190
What is -10011011101111111111 (base 2) in base 12?
-269227
What is 27a7676 (base 12) in base 10?
7934202
11c8a60 (base 13) to base 16
54d772
-23102122 (base 4) to base 7
-251536
What is 1381582 (base 10) in base 9?
2535151
Convert -44861 (base 13) to base 9.
-208652
-34205522 (base 7) to base 6
-143445315
What is -ac2b7 (base 13) in base 6?
-10410330
What is -12120110002 (base 3) in base 8?
-326154
What is -c9a5b (base 13) in base 10?
-364271
What is -13120430 (base 5) in base 6?
-2435254
What is -24321343 (base 5) in base 8?
-700336
What is 271026 (base 8) in base 14?
26754
What is -9dc8f (base 16) in base 13?
-198225
Convert -1443044 (base 5) to base 10.
-31024
1e1a69 (base 15) to base 8
5476471
What is -2438241 (base 11) in base 8?
-20135410
1178386 (base 12) to base 6
200430250
Convert -54571 (base 14) to base 5.
-23013020
-486 (base 15) to base 7
-2664
Convert 11221322321 (base 4) to base 10.
1482425
Convert -e8e2 (base 15) to base 13.
-19565
Convert -1627432 (base 9) to base 15.
-12ce28
Convert -452243 (base 9) to base 14.
-708cc
What is 203332502 (base 6) in base 7?
41656613
Convert 3663044 (base 8) to base 9.
1807310
-3da05 (base 16) to base 7
-2100631
2121110210020 (base 3) to base 13
3974b5
Convert -4156465 (base 8) to base 6.
-35404405
What is -561461 (base 7) in base 3?
-12000211112
Convert 2634104 (base 9) to base 4.
11133201310
Convert 169156 (base 10) to base 4.
221103010
What is -613048 (base 9) in base 5?
-43104321
What is -602030 (base 8) in base 12?
-96474
What is -104234043 (base 6) in base 2?
-111001100100101101011
What is 112200 (base 8) in base 16?
9480
-4131041 (base 6) to base 14
-524c9
What is 1356753 (base 13) in base 4?
113100300012
What is -5a34 (base 11) in base 13?
-379b
Convert -e49064 (base 15) to base 8.
-51343133
-164052313 (base 7) to base 5
-10331031003
What is -442b0 (base 12) in base 8?
-260244
What is 10100000001000100001100 (base 2) in base 16?
50110c
-4a77 (base 13) to base 11
-7a45
What is 364977 (base 10) in base 9?
615580
Convert -867c (base 13) to base 14.
-6b53
1131443 (base 5) to base 11
14756
Convert -4217281 (base 9) to base 13.
-60c991
Convert 4003aa (base 11) to base 3.
1012202100022
What is 4044242 (base 7) in base 11?
2a99aa
What is 1e3d5 (base 15) in base 11?
68213
-11434144 (base 5) to base 6
-2155042
Convert -10001010101000000111 (base 2) to base 5.
-121132230
Convert 35522310 (base 7) to base 16.
300b07
What is -153b